d8
What is 1869158 (base 11) in base 9?
5845606
Convert -2ed71 (base 16) to base 10.
-191857
-394569 (base 10) to base 14
-a3b17
-83153 (base 9) to base 14
-15d88
What is -54075 (base 14) in base 16?
-31997
Convert 1c9bd3 (base 14) to base 12.
4157b9
Convert -110412 (base 10) to base 3.
-12121110100
2031301 (base 5) to base 13
12227
307d5 (base 15) to base 16
25832
Convert -40231 (base 5) to base 11.
-1a23
37bb0 (base 13) to base 11
70485
What is -20ca5 (base 13) in base 12?
-2a385
-48cfbe (base 16) to base 4
-102030332332
What is 10001001011001111001101 (base 2) in base 15?
5de102
-240155522 (base 6) to base 12
-1608ba2
Convert -1011111102021 (base 3) to base 9.
-1144367
Convert -1953698 (base 12) to base 2.
-10100010110100100010100
What is 1111100100000010 (base 2) in base 14?
19334
Convert -101010010010100001 (base 2) to base 9.
-283543
13136ad (base 14) to base 10
9190985
-343423240 (base 5) to base 6
-53042501
-32340444 (base 5) to base 10
-277624
What is 1011101000000000001 (base 2) in base 4?
1131000001
17654 (base 12) to base 15
a00a
What is 9458513 (base 10) in base 4?
210011031101
-86632 (base 15) to base 2
-1101000001010010111
Convert 11000101000110111 (base 2) to base 5.
11212134
Convert -13001040 (base 5) to base 2.
-11110100011011001
-67616 (base 13) to base 14
-4c60a
Convert -36406 (base 10) to base 7.
-211066
Convert 11330330313 (base 4) to base 16.
17cf37
Convert -310320414 (base 5) to base 14.
-24b646
-1521101 (base 6) to base 12
-43191
60893 (base 15) to base 14
7d58c
Convert -236415 (base 8) to base 2.
-10011110100001101
What is 42151010 (base 6) in base 5?
303240114
33022300 (base 4) to base 12
2bb54
Convert 88405 (base 15) to base 12.
18a635
What is -26b5518 (base 12) in base 8?
-35303644
What is -2237186 (base 9) in base 14?
-235697
Convert 81717a (base 13) to base 4.
23133332122
Convert 55734 (base 11) to base 8.
235550
52234b (base 13) to base 14
37d275
What is -100010010010101100001101 (base 2) in base 12?
-3016291
Convert -220300 (base 8) to base 3.
-10202101210
What is 244044 (base 10) in base 16?
3b94c
110322112 (base 4) to base 12
4169a
What is -52a9790 (base 11) in base 8?
-43500552
What is -298216 (base 12) in base 15?
-dbe13
-1442144334 (base 5) to base 8
-16575772
Convert 178888 (base 9) to base 15.
230ab
-327467 (base 8) to base 9
-177376
What is a9bc (base 13) in base 14?
8890
Convert 223222133 (base 4) to base 12.
875bb
What is 89187 (base 11) in base 9?
216352
333230232 (base 5) to base 3
2202020112212
-53694 (base 12) to base 16
-1ad10
What is 212030230 (base 4) in base 6?
3204204
-c1153 (base 14) to base 15
-9273a
Convert -1500603 (base 7) to base 16.
-314fd
Convert 10420331 (base 5) to base 12.
4527a
Convert 205352253 (base 6) to base 12.
1268689
Convert -1c987 (base 15) to base 6.
-1555501
What is 13237308 (base 9) in base 6?
351431055
-dc811b (base 15) to base 7
-155206364
Convert 26b84 (base 16) to base 11.
a9179
Convert 142151244 (base 6) to base 13.
7aa382
What is 2002325 (base 8) in base 9?
880786
Convert 2566c (base 14) to base 15.
1c319
131332201 (base 5) to base 16
9f390
Convert -325517 (base 8) to base 12.
-5337b
-10120013 (base 5) to base 3
-11012011212
-102101110222 (base 3) to base 8
-665631
Convert 1706946 (base 14) to base 5.
10344000334
What is -6893 (base 10) in base 12?
-3ba5
Convert -3b221b (base 12) to base 3.
-1211201001112
What is -825364 (base 11) in base 13?
-374cc0
Convert -51a64 (base 11) to base 4.
-102200220
a15b04 (base 14) to base 10
5432536
What is 130332013 (base 4) in base 14?
3135d
-91b238 (base 13) to base 16
-33ccbe
Convert -2307063 (base 8) to base 4.
-2120320303
Convert -174843 (base 10) to base 9.
-285750
What is 5461505 (base 7) in base 14?
1364ac
1934616 (base 10) to base 15
283346
What is -2231004044 (base 5) in base 4?
-102311210220
29320 (base 14) to base 8
307400
What is 830485 (base 10) in base 7?
10026145
What is 1220333133 (base 4) in base 6?
13114543
What is 1240277 (base 9) in base 2?
10100101000010101111
-18256 (base 16) to base 13
-3602b
-75535612 (base 8) to base 7
-254304316
Convert -1481706 (base 9) to base 3.
-1112201210020
What is 100000010011010010000 (base 2) in base 16?
102690
What is 308200 (base 10) in base 5?
34330300
Convert -210001100232 (base 4) to base 7.
-143154501
Convert 341324032 (base 5) to base 8.
5607346
Convert 106257 (base 8) to base 6.
434423
-13365522 (base 7) to base 12
-4bb5b9
Convert 1143a (base 15) to base 7.
316135
10244331 (base 5) to base 9
142874
Convert 244251 (base 6) to base 3.
1002202211
12038b (base 15) to base 10
861431
What is -13501015 (base 7) in base 16?
-133d50
11cb (base 14) to base 3
11021112
What is -110132230032 (base 4) in base 3?
-101002202022200
Convert 322872 (base 9) to base 2.
101110111110111000
7216103 (base 8) to base 13
51a483
-22143331 (base 7) to base 15
-27adcd
What is 455156 (base 7) in base 14?
21766
What is 37021 (base 12) in base 4?
102021121
What is -13693a3 (base 11) in base 2?
-1000111110111101000111
2063214 (base 7) to base 15
4e4cc
Convert -79800 (base 13) to base 15.
-4576c
1100100110000110111000 (base 2) to base 14
61d400
Convert -2a67b (base 14) to base 10.
-105557
Convert -3355326 (base 9) to base 16.
-1b973b
-202120102221 (base 3) to base 2
-1100010110110110101
What is -97663 (base 12) in base 6?
-4140203
Convert 17669 (base 12) to base 6.
420213
Convert -12220131321 (base 4) to base 11.
-a88281
-353606 (base 7) to base 15
-13d55
What is 3433a7 (base 11) in base 12?
2240ba
Convert -81966 (base 11) to base 9.
-202071
Convert 122201 (base 9) to base 15.
16ce7
Convert -624151 (base 7) to base 9.
-172821
Convert -102011102 (base 3) to base 2.
-1111111001010
Convert -11110011010011001101 (base 2) to base 4.
-3303103031
Convert -110311042 (base 5) to base 3.
-220022220221
Convert a057b (base 15) to base 7.
4212365
5be4c (base 15) to base 7
2331414
-111428d (base 14) to base 16
-7bdc15
What is -c037 (base 14) in base 13?
-12019
Convert -11322001200 (base 4) to base 3.
-2220122222120
Convert -2121330 (base 6) to base 7.
-612162
What is 12022020111010 (base 3) in base 10?
2819397
What is bd29 (base 16) in base 10?
48425
7e735c (base 16) to base 8
37471534
23039 (base 13) to base 6
1211105
Convert 461461 (base 7) to base 16.
14128
-2122354 (base 7) to base 6
-5305231
What is -217519 (base 13) in base 7?
-6456415
Convert 11314201 (base 5) to base 2.
11001011101101101
Convert 112020411 (base 5) to base 9.
843652
Convert -95a778 (base 12) to base 2.
-1001000000100011001100
What is 10023310301 (base 4) in base 10?
1097009
What is -1b471 (base 14) in base 2?
-10000111101101011
What is 2163062 (base 9) in base 16?
11c114
What is 2001101032 (base 4) in base 13?
157009
What is -1020222112101 (base 3) in base 7?
-5454043
-20403041 (base 6) to base 13
-1793b6
Convert b3b89 (base 16) to base 2.
10110011101110001001
Convert -402e60 (base 16) to base 14.
-7b6c12
What is -b0221 (base 13) in base 3?
-120222110111
-220404233 (base 6) to base 7
-45404301
-645470 (base 8) to base 9
-358088
What is -54b551 (base 15) in base 13?
-ab4a95
What is -609a4a (base 11) in base 12?
-3b2a51
What is -122012021222 (base 3) in base 13?
-bb0a3
What is -1691109 (base 13) in base 7?
-116111406
Convert 150849 (base 11) to base 9.
387658
-280056 (base 16) to base 4
-22000001112
312001230 (base 4) to base 13
79956
What is 22120212332 (base 4) in base 6?
134202542
-1185762 (base 11) to base 13
-570558
What is -5257a (base 15) in base 10?
-261115
Convert 27163 (base 10) to base 15.
80ad
-1333311101 (base 4) to base 10
-523601
What is 204324 (base 6) in base 2?
100000010011100
Convert -352326 (base 10) to base 5.
-42233301
Convert -1719c (base 15) to base 9.
-123323
Convert -46baa (base 16) to base 9.
-481355
Convert -554022 (base 10) to base 14.
-105c90
What is 120210101 (base 3) in base 14?
42a4
Convert -10100111002210 (base 3) to base 15.
-252a9c
What is -152145551 (base 6) in base 13?
-877720
What is 2277766 (base 8) in base 14?
122c62
What is 221111121102 (base 3) in base 8?
1724353
What is 330003211 (base 4) in base 2?
111100000011100101
What is -1720861 (base 11) in base 13?
-7b739a
134674 (base 12) to base 11
1a8663
What is -210222201 (base 3) in base 15?
-4b3a
Convert -6783397 (base 10) to base 6.
-401220341
What i